{"id":47,"date":"2025-02-05T14:13:45","date_gmt":"2025-02-05T14:13:45","guid":{"rendered":"https:\/\/lifsmotun.is\/?page_id=47"},"modified":"2025-02-05T14:13:45","modified_gmt":"2025-02-05T14:13:45","slug":"alfa-namskeid","status":"publish","type":"page","link":"https:\/\/lifsmotun.is\/?page_id=47","title":{"rendered":"Alfa n\u00e1mskei\u00f0"},"content":{"rendered":"\n<p>\u00c1 r\u00e6tur a\u00f0 rekja allt aftur \u00e1 8. \u00e1ratug s\u00ed\u00f0ustu aldar \u00fear sem \u00fea\u00f0 var hluti af starfi kirkju heilagrar \u00ferenningar (Holy Trinity) \u00ed Brompton hverfi Lund\u00fanarborgar. Upphaflega var h\u00e9r \u00e1 fer\u00f0inni 6 vikna n\u00e1mskei\u00f0 (1x \u00ed viku), fyrst og fremst fyrir \u00feau sem n\u00fdlega h\u00f6f\u00f0u teki\u00f0 upp kristna tr\u00fa. N\u00e1mskei\u00f0i\u00f0 t\u00f3k nokkrum breytingum \u00e1 9. \u00e1ratugnum og t\u00f3k a\u00f0 dreifast til fleiri kirkna \u00ed Englandi \u00e1 \u00feeim t\u00edunda eftir a\u00f0 aukin a\u00f0 \u00e1hersla var l\u00f6g\u00f0 \u00e1 a\u00f0 n\u00e1mskei\u00f0i\u00f0 h\u00f6f\u00f0a\u00f0i almennt sem kynning til allra sem hef\u00f0u \u00e1huga \u00e1 kristinni tr\u00fa.<\/p>\n\n\n\n<h2 class=\"wp-block-heading\">Alfa \u00e1 \u00cdslandi<\/h2>\n\n\n\n<p>\u00deegar v\u00f6xtur n\u00e1mskei\u00f0sins var hva\u00f0 mestur \u00ed Englandi t\u00f3k \u00fea\u00f0 a\u00f0 vekja athygli \u00fat fyrir landsteinana. \u00c1ri\u00f0 1991 voru haldin 4 Alfa n\u00e1mskei\u00f0 \u00ed London en h\u00e1marki n\u00e1\u00f0i \u00fatbrei\u00f0slan \u00ed Englandi \u00e1ri\u00f0 1998 \u00feegr haldin voru 10.500 Alfa n\u00e1mskei\u00f0. Tali\u00f0 er a\u00f0 \u00ed kringum 24 milj\u00f3nir hafi \u00feegar s\u00f3tt Alfa n\u00e1mskei\u00f0.N\u00e1msefni\u00f0 er endursko\u00f0a\u00f0 reglulega en hefur veri\u00f0 \u00fe\u00fdtt og kennt \u00ed yfir 100 l\u00f6ndum \u00e1 yfir 100 tungum\u00e1lum. Fyrsta n\u00e1mskei\u00f0i\u00f0 \u00e1 \u00cdslandi var \u00ed bo\u00f0i \u00e1ri\u00f0 1997 og s\u00ed\u00f0an \u00fe\u00e1 hafa nokkrar kirkjudeildir \u00e1 \u00cdslandi bo\u00f0i\u00f0 reglulega upp \u00e1 Alfa n\u00e1mskei\u00f0.<\/p>\n\n\n\n<h2 class=\"wp-block-heading\">Alfa \u00e1 vegum L\u00edfsm\u00f3tunar<\/h2>\n\n\n\n<p>Sj\u00e1lfseignarstofnunin var\u00f0 formlega ekki til fyrr en \u00ed desember 2008 en stofnendurnir, hj\u00f3nin A\u00f0alsteinn M\u00e1r og Cornelia t\u00f3ku fyrst \u00fe\u00e1tt \u00ed a\u00f0 halda Alfa n\u00e1mskei\u00f0 \u00e1 Hallormssta\u00f0 veturinn 1999-2000 og bu\u00f0u svo sj\u00e1lf upp \u00e1 sl\u00edkt n\u00e1mskei\u00f0 \u00e1 heimili s\u00ednu, Hjalla \u00ed Reykjadal, veturinn 2002-2003. \u00cd jan\u00faar &#8211; mars 2010 var \u00ed fyrsta sinn bo\u00f0i\u00f0 upp \u00e1 Alfa n\u00e1mskei\u00f0 undir merkjum L\u00edfsm\u00f3tunar \u00e1 Laugum \u00ed Reykjadal. L\u00edfsm\u00f3tun b\u00ed\u00f0ur n\u00fa (\u00feegar \u00feetta er skrifa\u00f0) upp \u00e1 Alfa n\u00e1mskei\u00f0 \u00ed Bjarnah\u00fasi \u00e1 H\u00fasav\u00edk \u00ed samstarfi vi\u00f0 \u00deingeyjarprestakall og munu uppl\u00fdsingar um n\u00e1msefni og gl\u00f3sur fyrir nemendur birtast h\u00e9r \u00e1 \u00feessum vef eftir \u00fev\u00ed sem n\u00e1mskei\u00f0inu vindur fram.<\/p>\n","protected":false},"excerpt":{"rendered":"<p>\u00c1 r\u00e6tur a\u00f0 rekja allt aftur \u00e1 8. \u00e1ratug s\u00ed\u00f0ustu aldar \u00fear sem \u00fea\u00f0 var hluti af starfi kirkju heilagrar \u00ferenningar (Holy Trinity) \u00ed Brompton hverfi Lund\u00fanarborgar. Upphaflega var h\u00e9r \u00e1 fer\u00f0inni 6 vikna n\u00e1mskei\u00f0 (1x \u00ed viku), fyrst og fremst fyrir \u00feau sem n\u00fdlega h\u00f6f\u00f0u teki\u00f0 upp kristna tr\u00fa. N\u00e1mskei\u00f0i\u00f0 t\u00f3k nokkrum breytingum \u00e1 [&hellip;]<\/p>\n","protected":false},"author":1,"featured_media":0,"parent":0,"menu_order":0,"comment_status":"closed","ping_status":"closed","template":"","meta":{"footnotes":""},"class_list":["post-47","page","type-page","status-publish","hentry"],"_links":{"self":[{"href":"https:\/\/lifsmotun.is\/index.php?rest_route=\/wp\/v2\/pages\/47","targetHints":{"allow":["GET"]}}],"collection":[{"href":"https:\/\/lifsmotun.is\/index.php?rest_route=\/wp\/v2\/pages"}],"about":[{"href":"https:\/\/lifsmotun.is\/index.php?rest_route=\/wp\/v2\/types\/page"}],"author":[{"embeddable":true,"href":"https:\/\/lifsmotun.is\/index.php?rest_route=\/wp\/v2\/users\/1"}],"replies":[{"embeddable":true,"href":"https:\/\/lifsmotun.is\/index.php?rest_route=%2Fwp%2Fv2%2Fcomments&post=47"}],"version-history":[{"count":1,"href":"https:\/\/lifsmotun.is\/index.php?rest_route=\/wp\/v2\/pages\/47\/revisions"}],"predecessor-version":[{"id":48,"href":"https:\/\/lifsmotun.is\/index.php?rest_route=\/wp\/v2\/pages\/47\/revisions\/48"}],"wp:attachment":[{"href":"https:\/\/lifsmotun.is\/index.php?rest_route=%2Fwp%2Fv2%2Fmedia&parent=47"}],"curies":[{"name":"wp","href":"https:\/\/api.w.org\/{rel}","templated":true}]}}